{"id":905,"date":"2013-09-07T18:47:57","date_gmt":"2013-09-07T16:47:57","guid":{"rendered":"http:\/\/proyectosguerrilla.com\/blog\/?page_id=905"},"modified":"2013-09-07T19:21:00","modified_gmt":"2013-09-07T17:21:00","slug":"herramientas","status":"publish","type":"page","link":"http:\/\/proyectosguerrilla.com\/blog\/herramientas\/","title":{"rendered":"Herramientas"},"content":{"rendered":"<p style=\"text-align: justify;\">Estas son las herramientas que utilizo para construir y manejar el blog. Es una lista viva, intento actualizarla regularmente, ya que fundamentalmente la uso para mi propia referencia y sigue unos criterios b\u00e1sicos muy claros:<\/p>\n<p>&#8211; Probadas a fondo y adoptadas por m\u00ed<br \/>\n&#8211; Un servicio y soporte superior que destaque frente a la competencia<br \/>\n&#8211; Que aporten valor como herramienta. Aqu\u00ed\u00a0no encontrar\u00e1s nada que solo traiga \u00abbells &amp; whistles\u00bb<\/p>\n<p>He probado muchas otras, aqu\u00ed est\u00e1n s\u00f3lo las que me han dado el mejor resultado.<\/p>\n<ul>\n<li>Domino: <strong>GoDaddy<\/strong>. Solo lo he usado para registrar dominios, en esto tienen buenos precios y atenci\u00f3n.<\/li>\n<\/ul>\n<p>&nbsp;<\/p>\n<ul>\n<li>Hosting y domino: <strong><a href=\"https:\/\/secure.hostgator.com\/~affiliat\/cgi-bin\/affiliates\/clickthru.cgi?id=proyectosguerrilla-C1\" target=\"_blank\">Hostgator<\/a><\/strong>. Buen precio y servicio t\u00e9cnico inmejorable tanto en ingl\u00e9s como en castellano. <a title=\"Proyectos Guerrilla\" href=\"http:\/\/proyectosguerrilla.com\/blog\/\"><em>Proyectos de Guerrilla<\/em><\/a> est\u00e1 alojado con ellos.<\/li>\n<\/ul>\n<p style=\"text-align: center;\"><a href=\"https:\/\/secure.hostgator.com\/~affiliat\/cgi-bin\/affiliates\/clickthru.cgi?id=proyectosguerrilla-C1\" target=\"_blank\"><img data-recalc-dims=\"1\" loading=\"lazy\" decoding=\"async\" class=\"size-full wp-image-908 aligncenter\" alt=\"120x90\" src=\"https:\/\/i0.wp.com\/proyectosguerrilla.com\/blog\/wp-content\/uploads\/2013\/09\/120x90.gif?resize=120%2C90\" width=\"120\" height=\"90\" \/><\/a><\/p>\n<p>&nbsp;<\/p>\n<ul>\n<li>Plataforma: <strong><a style=\"text-align: justify;\" title=\"Wordpress\" href=\"http:\/\/wordpress.org\">WordPress.org<\/a><\/strong><span style=\"text-align: justify;\"> Gratuita (la plataforma, el hosting lo pones t\u00fa) soportada por una gran comunidad y con multitud de complementos para cualquier cosa que puedas necesitar. En multitud de idiomas. No confundir con wordpress.com. Aunque relacionados wordpress.com es para alojar web gratuitos (como blogger) que tiene varias limitaciones respecto a wordpress.org.<\/span><\/li>\n<\/ul>\n<p>&nbsp;<\/p>\n<h6 style=\"text-align: justify;\">(Algunos enlaces son a programas de afiliaci\u00f3n. Esto significa que me dan una peque\u00f1o porcentaje por cada nuevo cliente que se formaliza a trav\u00e9s de mis recomendaciones SIN incrementar el precio para ti. De hecho normalmente los precios a trav\u00e9s de una recomendaci\u00f3n son m\u00e1s bajos que accediendo directamente. Estos ingresos me ayudan a soportar los costes del servidor.)<\/h6>\n","protected":false},"excerpt":{"rendered":"<p>Estas son las herramientas que utilizo para construir y manejar el blog. Es una lista viva, intento actualizarla regularmente, ya que fundamentalmente la uso para mi propia referencia y sigue unos criterios b\u00e1sicos muy claros: &#8211; Probadas a fondo y adoptadas por m\u00ed &#8211; Un servicio y soporte superior que destaque frente a la competencia [&#8230;]<\/p>\n","protected":false},"author":1,"featured_media":0,"parent":0,"menu_order":0,"comment_status":"open","ping_status":"open","template":"","meta":{"_monsterinsights_skip_tracking":false,"_monsterinsights_sitenote_active":false,"_monsterinsights_sitenote_note":"","_monsterinsights_sitenote_category":0,"jetpack_post_was_ever_published":false,"footnotes":""},"class_list":["post-905","page","type-page","status-publish","hentry"],"yoast_head":"<!-- This site is optimized with the Yoast SEO plugin v24.2 - https:\/\/yoast.com\/wordpress\/plugins\/seo\/ -->\n<title>Herramientas - Proyectos de Guerrilla<\/title>\n<meta name=\"robots\" content=\"index, follow, max-snippet:-1, max-image-preview:large, max-video-preview:-1\" \/>\n<link rel=\"canonical\" href=\"http:\/\/proyectosguerrilla.com\/blog\/herramientas\/\" \/>\n<meta property=\"og:locale\" content=\"es_ES\" \/>\n<meta property=\"og:type\" content=\"article\" \/>\n<meta property=\"og:title\" content=\"Herramientas - Proyectos de Guerrilla\" \/>\n<meta property=\"og:description\" content=\"Estas son las herramientas que utilizo para construir y manejar el blog. Es una lista viva, intento actualizarla regularmente, ya que fundamentalmente la uso para mi propia referencia y sigue unos criterios b\u00e1sicos muy claros: &#8211; Probadas a fondo y adoptadas por m\u00ed &#8211; Un servicio y soporte superior que destaque frente a la competencia [...]\" \/>\n<meta property=\"og:url\" content=\"http:\/\/proyectosguerrilla.com\/blog\/herramientas\/\" \/>\n<meta property=\"og:site_name\" content=\"Proyectos de Guerrilla\" \/>\n<meta property=\"article:modified_time\" content=\"2013-09-07T17:21:00+00:00\" \/>\n<meta property=\"og:image\" content=\"http:\/\/proyectosguerrilla.com\/blog\/wp-content\/uploads\/2013\/09\/120x90.gif\" \/>\n<meta name=\"twitter:label1\" content=\"Tiempo de lectura\" \/>\n\t<meta name=\"twitter:data1\" content=\"1 minuto\" \/>\n<script type=\"application\/ld+json\" class=\"yoast-schema-graph\">{\"@context\":\"https:\/\/schema.org\",\"@graph\":[{\"@type\":\"WebPage\",\"@id\":\"http:\/\/proyectosguerrilla.com\/blog\/herramientas\/\",\"url\":\"http:\/\/proyectosguerrilla.com\/blog\/herramientas\/\",\"name\":\"Herramientas - Proyectos de Guerrilla\",\"isPartOf\":{\"@id\":\"http:\/\/proyectosguerrilla.com\/blog\/#website\"},\"primaryImageOfPage\":{\"@id\":\"http:\/\/proyectosguerrilla.com\/blog\/herramientas\/#primaryimage\"},\"image\":{\"@id\":\"http:\/\/proyectosguerrilla.com\/blog\/herramientas\/#primaryimage\"},\"thumbnailUrl\":\"http:\/\/proyectosguerrilla.com\/blog\/wp-content\/uploads\/2013\/09\/120x90.gif\",\"datePublished\":\"2013-09-07T16:47:57+00:00\",\"dateModified\":\"2013-09-07T17:21:00+00:00\",\"inLanguage\":\"es\",\"potentialAction\":[{\"@type\":\"ReadAction\",\"target\":[\"http:\/\/proyectosguerrilla.com\/blog\/herramientas\/\"]}]},{\"@type\":\"ImageObject\",\"inLanguage\":\"es\",\"@id\":\"http:\/\/proyectosguerrilla.com\/blog\/herramientas\/#primaryimage\",\"url\":\"https:\/\/i0.wp.com\/proyectosguerrilla.com\/blog\/wp-content\/uploads\/2013\/09\/120x90.gif?fit=120%2C90\",\"contentUrl\":\"https:\/\/i0.wp.com\/proyectosguerrilla.com\/blog\/wp-content\/uploads\/2013\/09\/120x90.gif?fit=120%2C90\",\"width\":120,\"height\":90},{\"@type\":\"WebSite\",\"@id\":\"http:\/\/proyectosguerrilla.com\/blog\/#website\",\"url\":\"http:\/\/proyectosguerrilla.com\/blog\/\",\"name\":\"Proyectos de Guerrilla\",\"description\":\"sobre sistemas, operaciones y la cadena de suministro...\",\"potentialAction\":[{\"@type\":\"SearchAction\",\"target\":{\"@type\":\"EntryPoint\",\"urlTemplate\":\"http:\/\/proyectosguerrilla.com\/blog\/?s={search_term_string}\"},\"query-input\":{\"@type\":\"PropertyValueSpecification\",\"valueRequired\":true,\"valueName\":\"search_term_string\"}}],\"inLanguage\":\"es\"}]}<\/script>\n<!-- \/ Yoast SEO plugin. -->","yoast_head_json":{"title":"Herramientas - Proyectos de Guerrilla","robots":{"index":"index","follow":"follow","max-snippet":"max-snippet:-1","max-image-preview":"max-image-preview:large","max-video-preview":"max-video-preview:-1"},"canonical":"http:\/\/proyectosguerrilla.com\/blog\/herramientas\/","og_locale":"es_ES","og_type":"article","og_title":"Herramientas - Proyectos de Guerrilla","og_description":"Estas son las herramientas que utilizo para construir y manejar el blog. Es una lista viva, intento actualizarla regularmente, ya que fundamentalmente la uso para mi propia referencia y sigue unos criterios b\u00e1sicos muy claros: &#8211; Probadas a fondo y adoptadas por m\u00ed &#8211; Un servicio y soporte superior que destaque frente a la competencia [...]","og_url":"http:\/\/proyectosguerrilla.com\/blog\/herramientas\/","og_site_name":"Proyectos de Guerrilla","article_modified_time":"2013-09-07T17:21:00+00:00","og_image":[{"url":"http:\/\/proyectosguerrilla.com\/blog\/wp-content\/uploads\/2013\/09\/120x90.gif","type":"","width":"","height":""}],"twitter_misc":{"Tiempo de lectura":"1 minuto"},"schema":{"@context":"https:\/\/schema.org","@graph":[{"@type":"WebPage","@id":"http:\/\/proyectosguerrilla.com\/blog\/herramientas\/","url":"http:\/\/proyectosguerrilla.com\/blog\/herramientas\/","name":"Herramientas - Proyectos de Guerrilla","isPartOf":{"@id":"http:\/\/proyectosguerrilla.com\/blog\/#website"},"primaryImageOfPage":{"@id":"http:\/\/proyectosguerrilla.com\/blog\/herramientas\/#primaryimage"},"image":{"@id":"http:\/\/proyectosguerrilla.com\/blog\/herramientas\/#primaryimage"},"thumbnailUrl":"http:\/\/proyectosguerrilla.com\/blog\/wp-content\/uploads\/2013\/09\/120x90.gif","datePublished":"2013-09-07T16:47:57+00:00","dateModified":"2013-09-07T17:21:00+00:00","inLanguage":"es","potentialAction":[{"@type":"ReadAction","target":["http:\/\/proyectosguerrilla.com\/blog\/herramientas\/"]}]},{"@type":"ImageObject","inLanguage":"es","@id":"http:\/\/proyectosguerrilla.com\/blog\/herramientas\/#primaryimage","url":"https:\/\/i0.wp.com\/proyectosguerrilla.com\/blog\/wp-content\/uploads\/2013\/09\/120x90.gif?fit=120%2C90","contentUrl":"https:\/\/i0.wp.com\/proyectosguerrilla.com\/blog\/wp-content\/uploads\/2013\/09\/120x90.gif?fit=120%2C90","width":120,"height":90},{"@type":"WebSite","@id":"http:\/\/proyectosguerrilla.com\/blog\/#website","url":"http:\/\/proyectosguerrilla.com\/blog\/","name":"Proyectos de Guerrilla","description":"sobre sistemas, operaciones y la cadena de suministro...","potentialAction":[{"@type":"SearchAction","target":{"@type":"EntryPoint","urlTemplate":"http:\/\/proyectosguerrilla.com\/blog\/?s={search_term_string}"},"query-input":{"@type":"PropertyValueSpecification","valueRequired":true,"valueName":"search_term_string"}}],"inLanguage":"es"}]}},"jetpack_shortlink":"https:\/\/wp.me\/P2P1Bl-eB","jetpack_sharing_enabled":true,"_links":{"self":[{"href":"http:\/\/proyectosguerrilla.com\/blog\/wp-json\/wp\/v2\/pages\/905","targetHints":{"allow":["GET"]}}],"collection":[{"href":"http:\/\/proyectosguerrilla.com\/blog\/wp-json\/wp\/v2\/pages"}],"about":[{"href":"http:\/\/proyectosguerrilla.com\/blog\/wp-json\/wp\/v2\/types\/page"}],"author":[{"embeddable":true,"href":"http:\/\/proyectosguerrilla.com\/blog\/wp-json\/wp\/v2\/users\/1"}],"replies":[{"embeddable":true,"href":"http:\/\/proyectosguerrilla.com\/blog\/wp-json\/wp\/v2\/comments?post=905"}],"version-history":[{"count":17,"href":"http:\/\/proyectosguerrilla.com\/blog\/wp-json\/wp\/v2\/pages\/905\/revisions"}],"predecessor-version":[{"id":923,"href":"http:\/\/proyectosguerrilla.com\/blog\/wp-json\/wp\/v2\/pages\/905\/revisions\/923"}],"wp:attachment":[{"href":"http:\/\/proyectosguerrilla.com\/blog\/wp-json\/wp\/v2\/media?parent=905"}],"curies":[{"name":"wp","href":"https:\/\/api.w.org\/{rel}","templated":true}]}}